igit of k?
4
Suppose 6*p + 200 = 4*p. What is the units digit of 4 - (p/5 - -2)?
2
What is the tens digit of 15/5 - -322 - 0?
2
Suppose 0 = -z + 5*j + 285, 2*z + 7*j - 570 = 3*j. What is the units digit of z?
5
Let w(l) be the first derivative of l**5/10 - l**4/4 - 3*l**2/2 + 5*l - 5. Let n(k) be the first derivative of w(k). What is the units digit of n(3)?
4
Let o(k) = k**3 - 12*k**2 + 12*k + 1. Let n be o(11). Let w be -1 - (n/(-3) - -1). Suppose 4*a - 12 = 0, -13 = -w*q + 3*a - 4. What is the units digit of q?
9
Suppose -m - 3*w = -3*m + 71, -3*w - 111 = -3*m. Suppose 3*t - 8*t = -m. Let p = -6 + t. What is the units digit of p?
2
Let f be -3 + (-3 - 20/(-5)). What is the hundreds digit of f/(-6) - 772/(-6)?
1
Let r = -146 + 412. What is the units digit of r?
6
Let b(j) = 657*j**2 + 9*j + 8. What is the tens digit of b(-1)?
5
Suppose 0 = -8*x - 88*x + 149088. What is the units digit of x?
3
Suppose 0*z = -5*z + 1010. Suppose 0 = -5*c - 5*t + 92 + 258, 3*c + t - z = 0. What is the tens digit of c?
6
Let l(n) = -1121*n - 12. What is the tens digit of l(-2)?
3
Let k(x) = x**2 + 14*x + 9. Let t be k(-10). Let w = -12 - t. Let o = w - -1. What is the tens digit of o?
2
Let g = 31 - 2. Suppose -g = 4*y - 1. What is the tens digit of (-2)/y - 792/(-21)?
3
Let w be ((-125)/150 - (-2)/(-3))*-6. Suppose w*d - 76 = 8*d + l, -4*l = d - 101. What is the tens digit of d?
8
Let r = -18 + 9. Let p = r - -10. Suppose l - 2 = p. What is the units digit of l?
3
Let q = -4 - 0. Let b(r) be the second derivative of r**4/12 - r**3 + 3*r**2/2 + 25*r. What is the tens digit of b(q)?
4
Suppose z = -4*d + 352, 0 = 3*z - 16*d + 11*d - 1056. What is the units digit of z?
2
Suppose -4*s - 4*m = -244, 4*s - m - 3*m - 260 = 0. Suppose u = -2*u + s. What is the units digit of u?
1
Let b be (-7 - -6)/(1/(-2)). Let q(o) = o**3 - 3*o**2 - 16*o - 8. Let y be q(6). Suppose -g = -5*z + 143, -3*z - b*g + 83 = -y*g. What is the units digit of z?
9
Let h(s) = 1262*s**3 + 2*s**2 + 8*s - 11. What is the hundreds digit of h(1)?
2
Suppose -g - 3 = 7. Let m = g + 9. Let c(p) = -16*p - 1. What is the tens digit of c(m)?
1
What is the hundreds digit of (-203)/(12/40*(-8)/12)?
0
Let q be 3 + -2 - (4 + -7). Suppose 0*w - q*w = -576. What is the units digit of w?
4
Suppose -v = -1 + 2, -105 = -5*i + 5*v. Let c = -17 + 25. Suppose 4*t = i + c. What is the units digit of t?
7
Let l be 3 + 4/((-16)/(-12)). Suppose 3*d - l - 12 = 0. Suppose d = 3*x + w, 0 = x + 2*w + w - 2. What is the units digit of x?
2
Let y = -66 - -94. Let t = y + -26. Suppose 4*p + 0*p - b - 249 = 0, t*p = 5*b + 129. What is the units digit of p?
2
Let m(y) = 65*y + 4. Suppose 9*p + 9 = 12*p. What is the units digit of m(p)?
9
Let d = 136 - 227. Let p = d - -133. What is the tens digit of p?
4
Suppose -376 = f + 3*f. Let k = 162 + f. What is the units digit of k?
8
Suppose 3*t + 35 = -49. What is the units digit of ((-9)/((-189)/t))/(2/(-84))?
6
Suppose 3*x = 9, 20*b - 5*x = 18*b + 4305. What is the units digit of b?
0
Suppose 11122 + 4124 = 18*g. What is the hundreds digit of g?
8
Let u(r) = 3*r**2 - 117*r + 172. What is the units digit of u(55)?
2
Let q(k) = -k**3 + 13*k**2 + 19*k + 13. Let u(j) = -j**3 - 5*j**2 + 4*j + 2. Let o be u(-6). What is the units digit of q(o)?
3
Suppose -4*c = -5*q - 10, 0 = -4*q - 1 - 7. Suppose 2*o - 63 + 5 = c. What is the tens digit of o?
2
Suppose -59*c + 53*c = -13500. What is the hundreds digit of c?
2
Let g = -11 + 13. What is the units digit of (-2)/2*(g + -8)?
6
Suppose 6 = 4*z - 2. Let u(j) = 15*j**2 + 5*j - 7. What is the tens digit of u(z)?
6
Suppose -20*t = 3*r - 23*t - 9780, -3*t - 3262 = -r. What is the thousands digit of r?
3
Let z(h) = h**3 - 4*h**2 - 5*h + 4. Let o be z(5). What is the units digit of (-4 + o)/3 - -36?
6
Let s(q) be the second derivative of -6*q**2 - 1/3*q**3 + 0 - 4*q. What is the units digit of s(-9)?
6
Let g(c) = -c**3 + c**2 + 18*c + 110. What is the tens digit of g(-7)?
7
Let u = 9 - 14. What is the units digit of (224/(20/u))/(-1)?
6
Let x(t) = 58*t**2 - 6*t - 5. Let w be x(4). Suppose -w = -8*s + 149. What is the tens digit of s?
3
Suppose -b + 25063 = 5*l, -2*l + 10018 = -3*b + 7*b. What is the tens digit of l?
1
Suppose -3*d + 13 = -11. Suppose -177 = -d*c + 559. What is the tens digit of c?
9
Suppose 0 = -k - 5*q + 706, 7*q - 1342 = -2*k + 11*q. What is the hundreds digit of k?
6
Suppose 5*n + 4*h + 11 = 0, -h = -2*n + 4*h - 11. Let d(k) = -k**3 - 7*k**2 + 7*k - 7. Let j be d(-8). Let y = j - n. What is the units digit of y?
4
Let w = -151 - -243. What is the units digit of w?
2
Suppose -11 = -3*q + 4*r + 79, q - 4*r = 30. Suppose j = 6*j - q. Suppose j*u - 56 = 2*u. What is the units digit of u?
4
Suppose -3207 = -4*m + 3*m. What is the hundreds digit of m?
2
Suppose 12 = 2*l + 2*u, l - 12 = -2*l - u. What is the units digit of 106/((6 + 0)/l)?
3
Let b(m) be the first derivative of m**2/2 + 6*m - 6. Let q be b(-7). What is the units digit of (35 - q) + -2 + 1?
5
Let f(o) = o**3 + 8*o**2 + 8*o + 9. Let u be f(-6). Let h = u - 26. What is the units digit of h?
7
Suppose 0 = -4*h + 4*b - 128, 0*b - 3*b = 9. Let r = h + 106. What is the tens digit of r?
7
Let k(b) = 1. Suppose 4 = 3*a + a. Let s(j) = -9*j - 2. Let w(r) = a*k(r) + s(r). What is the units digit of w(-2)?
7
Suppose -5*h + 2 = -3*h. Let u(g) be the second derivative of 8*g**3/3 - g**2 - g + 6. What is the units digit of u(h)?
4
Let x(a) = 2*a - 4. Let m be x(3). Suppose -w = -m*w + 4. Suppose 2*q = 8, -w*b - 3*q = -3*b - 29. What is the tens digit of b?
1
Let n = -86 - -91. Suppose 4*h - 3*j + 202 - 997 = 0, -n*h + 993 = -4*j. What is the tens digit of h?
0
Suppose 0 = -66*p + 7*p + 120537. What is the hundreds digit of p?
0
What is the tens digit of (-32)/10*(-7755)/66?
7
Let r(q) = -3 - 3*q + 12 + 4*q. Let k be r(-6). Suppose -k*i + 41 + 16 = 0. What is the units digit of i?
9
Suppose -3*p - 200 = 175. Let h = -73 - p. What is the tens digit of h?
5
Let l(k) = -k. Let x be l(-3). Let b be (3/2)/(x/(-6)). What is the tens digit of (105/14)/(b/(-8))?
2
Let o(p) = -p**3 + 20*p**2 + p - 3. Let h be o(18). Suppose -5*t + h = 233. What is the tens digit of t?
8
Let k(s) = -6*s + 49. What is the tens digit of k(-2)?
6
Suppose -3*m - 4*m - 84 = 0. What is the hundreds digit of 928/m*(-36)/16?
1
Suppose -6*g = -5*x - 5*g - 5, 0 = -2*g. Let n(q) = -60*q**3 + 3*q + 2. What is the units digit of n(x)?
9
Suppose -2*o - 4*j = -858, 0*j + 428 = o + j. What is the units digit of o?
7
Let s = 59 - 56. What is the units digit of 32 + ((-13)/6 - s/(-18))?
0
Let i(q) = -14*q - 26. Let t be i(-11). What is the tens digit of (-135)/6*(t/10)/(-4)?
7
Let w = 1702 - 1003. What is the hundreds digit of w?
6
Suppose -5*u = -n + 5*n - 605, 4*n - 480 = -4*u. Let s(t) = t**3 - 5*t**2 + 3*t + 6. Let m be s(4). Suppose u = -m*z + 7*z. What is the tens digit of z?
2
Let p(k) = 2*k + 175. What is the tens digit of p(13)?
0
Suppose -21*w - 12838 = -70*w. What is the tens digit of w?
6
Let d(u) = u**3 + u**2 - u - 3. Let c = 11 - 8. Let f be d(c). Let j = -16 + f. What is the tens digit of j?
1
Let t = 355 + -198. Suppose -c = -3*m - 125, 0 = -c - 2*m + t - 7. What is the units digit of c?
0
Let i = 46 + -50. What is the tens digit of -20*2/(i/10)?
0
Suppose 0 = -78*v + 80*v - 1820. What is the hundreds digit of v?
9
Let a be -110*(-3)/12*-4. What is the tens digit of a/(-6) + (-17)/51?
1
Suppose -5*p + 14 + 21 = 0. Let l = -4 + p. Suppose -l*g - 3*v - 2*v + 47 = 0, 23 = 2*g - 5*v. What is the tens digit of g?
1
Suppose -30*k + 25*k = 0. Suppose k = -0*b + 2*b - 14. Suppose -b*y = y - 592. What is the tens digit of y?
7
Suppose 0*r - 4*r = -8. Let d(m) = 6 - 11*m + 0*m**2 + 3*m**2 - 5*m**r + 3*m**2. What is the units digit of d(11)?
6
Let b = 96 - 92. Suppose 0 = 4*x + 5*j - 349, b*x + j + 171 - 516 = 0. What is the tens digit of x?
8
Let b be (-66)/(-4)*80/6. Suppose b = 5*w - w. What is the units digit of w?
5
Suppose -9*l = -4*l - 1170. What is the hundreds digit of l?
2
Let s = 1497 - 1043. What is the units digit of s?
4
Suppose 2*j + 9*j = 154. Let c(o) = 15*o - 31. What is the units digit of c(j)?
9
Let s = 10 - 8. Suppose 0 = -s*w - 1 + 17. Suppose 0 = -10*m + w*m + 54. What is the tens digit of m?
2
Let r =